{"id":22334,"date":"2023-04-16T12:59:18","date_gmt":"2023-04-16T11:59:18","guid":{"rendered":"http:\/\/www.gabi-suska.de\/?page_id=22334"},"modified":"2024-04-30T12:25:46","modified_gmt":"2024-04-30T11:25:46","slug":"kurs-a1-jesien-2023","status":"publish","type":"page","link":"http:\/\/www.gabi-suska.de\/?page_id=22334","title":{"rendered":"Kursy A1  &#8211; wiosna 2024"},"content":{"rendered":"\n<p class=\"has-blue-color has-text-color has-link-color has-medium-font-size wp-elements-0c1b0d839c984105688da07f56cf4f37\"><strong>Kurs A1 <\/strong>(4 osoby)<\/p>\n\n\n\n<p class=\"has-medium-font-size\">Kurs A1  odbywa si\u0119 w <strong>\u015brody o godzinie 17.30 &#8211; 19.00<\/strong> <\/p>\n\n\n\n<p class=\"has-medium-font-size\">od 13.03.24  do ko\u0144ca maja   (8 lekcji)<\/p>\n\n\n\n<ol class=\"wp-block-list\"><\/ol>\n\n\n\n<p class=\"has-medium-font-size\">Nast\u0119pny kurs A1 jest planowany (od po\u0142owy marca do ko\u0144ca maja 2025)<\/p>\n\n\n\n<p>&#8230;&#8230;&#8230;&#8230;&#8230;&#8230;&#8230;&#8230;&#8230;&#8230;&#8230;&#8230;&#8230;&#8230;&#8230;&#8230;&#8230;&#8230;&#8230;&#8230;<\/p>\n\n\n\n<p class=\"has-blue-color has-text-color has-medium-font-size\"><strong>Kurs A2 (4 osoby) od wrze\u015bnia 2024<\/strong><\/p>\n\n\n\n<p class=\"has-medium-font-size\">Kurs A2  b\u0119dzie odbywa\u0142  si\u0119 w <strong>czwartki o godzinie 17.30 &#8211; 19.00<\/strong><\/p>\n\n\n\n<p class=\"has-medium-font-size\"> w rytmie co dwutygodniowym.<\/p>\n\n\n\n<p class=\"has-medium-font-size\">(2 lekcje we wrze\u015bniu, pa\u017adzierniku oraz listopadzie) razem 6 lekcji<\/p>\n\n\n\n<p class=\"has-medium-font-size\">Kurs zaczyna si\u0119 z pocz\u0105tkiem wrze\u015bnia. <\/p>\n\n\n\n<p><\/p>\n\n\n\n<p class=\"has-medium-font-size\"><\/p>\n\n\n\n<ol class=\"wp-block-list\"><\/ol>\n\n\n\n<p>&#8230;&#8230;&#8230;&#8230;&#8230;&#8230;&#8230;&#8230;&#8230;&#8230;&#8230;&#8230;&#8230;&#8230;&#8230;&#8230;&#8230;&#8230;&#8230;&#8230;&#8230;..<\/p>\n\n\n\n<p class=\"has-medium-font-size\">Ma\u0142e przesuni\u0119cia w czasie, czy terminach s\u0105 mo\u017cliwe, kiedy kursy zostan\u0105 z\u0142o\u017cone.<\/p>\n\n\n\n<p><\/p>\n","protected":false},"excerpt":{"rendered":"<p>Kurs A1 (4 osoby) Kurs A1 odbywa si\u0119 w \u015brody o godzinie 17.30 &#8211; 19.00 od 13.03.24 do ko\u0144ca maja (8 lekcji) Nast\u0119pny kurs A1 jest planowany (od po\u0142owy marca do ko\u0144ca maja 2025) &#8230;&#8230;&#8230;&#8230;&#8230;&#8230;&#8230;&#8230;&#8230;&#8230;&#8230;&#8230;&#8230;&#8230;&#8230;&#8230;&#8230;&#8230;&#8230;&#8230; Kurs A2 (4 osoby) od &hellip; <a href=\"http:\/\/www.gabi-suska.de\/?page_id=22334\">Weiterlesen <span class=\"meta-nav\">&rarr;<\/span><\/a><\/p>\n","protected":false},"author":1,"featured_media":0,"parent":0,"menu_order":0,"comment_status":"closed","ping_status":"closed","template":"","meta":{"ngg_post_thumbnail":0,"footnotes":""},"class_list":["post-22334","page","type-page","status-publish","hentry"],"_links":{"self":[{"href":"http:\/\/www.gabi-suska.de\/index.php?rest_route=\/wp\/v2\/pages\/22334","targetHints":{"allow":["GET"]}}],"collection":[{"href":"http:\/\/www.gabi-suska.de\/index.php?rest_route=\/wp\/v2\/pages"}],"about":[{"href":"http:\/\/www.gabi-suska.de\/index.php?rest_route=\/wp\/v2\/types\/page"}],"author":[{"embeddable":true,"href":"http:\/\/www.gabi-suska.de\/index.php?rest_route=\/wp\/v2\/users\/1"}],"replies":[{"embeddable":true,"href":"http:\/\/www.gabi-suska.de\/index.php?rest_route=%2Fwp%2Fv2%2Fcomments&post=22334"}],"version-history":[{"count":10,"href":"http:\/\/www.gabi-suska.de\/index.php?rest_route=\/wp\/v2\/pages\/22334\/revisions"}],"predecessor-version":[{"id":22402,"href":"http:\/\/www.gabi-suska.de\/index.php?rest_route=\/wp\/v2\/pages\/22334\/revisions\/22402"}],"wp:attachment":[{"href":"http:\/\/www.gabi-suska.de\/index.php?rest_route=%2Fwp%2Fv2%2Fmedia&parent=22334"}],"curies":[{"name":"wp","href":"https:\/\/api.w.org\/{rel}","templated":true}]}}

<p class="has-blue-color has-text-color has-link-color has-medium-font-size wp-elements-0c1b0d839c984105688da07f56cf4f37"><strong>Kurs A1 </strong>(4 osoby)</p>



<p class="has-medium-font-size">Kurs A1  odbywa się w <strong>środy o godzinie 17.30 &#8211; 19.00</strong> </p>



<p class="has-medium-font-size">od 13.03.24  do końca maja   (8 lekcji)</p>



<ol class="wp-block-list"></ol>



<p class="has-medium-font-size">Następny kurs A1 jest planowany (od połowy marca do końca maja 2025)</p>



<p>&#8230;&#8230;&#8230;&#8230;&#8230;&#8230;&#8230;&#8230;&#8230;&#8230;&#8230;&#8230;&#8230;&#8230;&#8230;&#8230;&#8230;&#8230;&#8230;&#8230;</p>



<p class="has-blue-color has-text-color has-medium-font-size"><strong>Kurs A2 (4 osoby) od września 2024</strong></p>



<p class="has-medium-font-size">Kurs A2  będzie odbywał  się w <strong>czwartki o godzinie 17.30 &#8211; 19.00</strong></p>



<p class="has-medium-font-size"> w rytmie co dwutygodniowym.</p>



<p class="has-medium-font-size">(2 lekcje we wrześniu, październiku oraz listopadzie) razem 6 lekcji</p>



<p class="has-medium-font-size">Kurs zaczyna się z początkiem września. </p>



<p></p>



<p class="has-medium-font-size"></p>



<ol class="wp-block-list"></ol>



<p>&#8230;&#8230;&#8230;&#8230;&#8230;&#8230;&#8230;&#8230;&#8230;&#8230;&#8230;&#8230;&#8230;&#8230;&#8230;&#8230;&#8230;&#8230;&#8230;&#8230;&#8230;..</p>



<p class="has-medium-font-size">Małe przesunięcia w czasie, czy terminach są możliwe, kiedy kursy zostaną złożone.</p>



<p></p>

<p>Kurs A1 (4 osoby) Kurs A1 odbywa się w środy o godzinie 17.30 &#8211; 19.00 od 13.03.24 do końca maja (8 lekcji) Następny kurs A1 jest planowany (od połowy marca do końca maja 2025) &#8230;&#8230;&#8230;&#8230;&#8230;&#8230;&#8230;&#8230;&#8230;&#8230;&#8230;&#8230;&#8230;&#8230;&#8230;&#8230;&#8230;&#8230;&#8230;&#8230; Kurs A2 (4 osoby) od &hellip; <a href="http://www.gabi-suska.de/?page_id=22334">Weiterlesen <span class="meta-nav">&rarr;</span></a></p>
