{"id":22326,"date":"2023-04-15T21:29:47","date_gmt":"2023-04-15T20:29:47","guid":{"rendered":"http:\/\/www.gabi-suska.de\/?page_id=22326"},"modified":"2023-07-29T18:20:18","modified_gmt":"2023-07-29T17:20:18","slug":"program-nauczania","status":"publish","type":"page","link":"http:\/\/www.gabi-suska.de\/?page_id=22326","title":{"rendered":"Program nauczania"},"content":{"rendered":"\n<p><strong>Kurs A1 &#8211; dla pocz\u0105tkuj\u0105cych<\/strong><\/p>\n\n\n\n<p class=\"has-blue-color has-text-color has-medium-font-size\"><strong>1. Lekcja<\/strong><\/p>\n\n\n\n<p class=\"has-blue-color has-text-color has-medium-font-size\"><strong>Przedstawiamy si\u0119:<\/strong>    (<strong>Vorstellung<\/strong>)<\/p>\n\n\n\n<p class=\"has-blue-color has-text-color has-medium-font-size\">Tematy:  <\/p>\n\n\n\n<ul class=\"wp-block-list\">\n<li>witamy si\u0119 i \u017cegnamy<\/li>\n\n\n\n<li>imi\u0119, nazwisko<\/li>\n\n\n\n<li>zwroty grzeczno\u015bciowe<\/li>\n\n\n\n<li>formy oficjalne\/grzeczno\u015bciowe oraz nieoficjalne\/potoczne<\/li>\n<\/ul>\n\n\n\n<p class=\"has-blue-color has-text-color has-medium-font-size\">Gramatyka: <\/p>\n\n\n\n<ul class=\"wp-block-list\">\n<li>zaimki osobowe (ich, du, er&#8230;)<\/li>\n\n\n\n<li>czasowniki (sein, hei\u00dfen, machen, haben..) oraz ich odmiana przez osoby<\/li>\n<\/ul>\n\n\n\n<p class=\"has-blue-color has-text-color has-medium-font-size\">Pytania g\u0142\u00f3wne:<\/p>\n\n\n\n<ul class=\"wp-block-list\">\n<li>Wer bist du?   (Kto ty jete\u015b?)<\/li>\n\n\n\n<li>Wie hei\u00dft du?    (Jak si\u0119 nazywasz?)<\/li>\n\n\n\n<li>Wie geht es dir?  (jak ci idzie?)<\/li>\n<\/ul>\n\n\n\n<p>========================<\/p>\n\n\n\n<p class=\"has-blue-color has-text-color has-medium-font-size\"><strong>2. Lekcja<\/strong><\/p>\n\n\n\n<p class=\"has-blue-color has-text-color has-medium-font-size\"><strong>Pochodzenie  &#8211;  (Herkunft)<\/strong><\/p>\n\n\n\n<p class=\"has-blue-color has-text-color has-medium-font-size\">Tematy:<\/p>\n\n\n\n<ul class=\"wp-block-list\">\n<li>pochodzenie, narodowo\u015b\u0107<\/li>\n\n\n\n<li>miejsce zamieszkania<\/li>\n<\/ul>\n\n\n\n<p class=\"has-blue-color has-text-color has-medium-font-size\">Gramatyka: <\/p>\n\n\n\n<ul class=\"wp-block-list\">\n<li>rzeczownik i jego rodzaje <\/li>\n\n\n\n<li>liczba pojedyncza i mnoga  w rzeczowniku<\/li>\n\n\n\n<li>rodzajnik okre\u015blony (der, die, das)  <\/li>\n\n\n\n<li>nieokre\u015blony (ein, eine, ein) <\/li>\n\n\n\n<li>szyk wyraz\u00f3w w zdaniu twierdz\u0105cym\/orzekaj\u0105cym<\/li>\n<\/ul>\n\n\n\n<p class=\"has-blue-color has-text-color has-medium-font-size\">Pytania g\u0142\u00f3wne:<\/p>\n\n\n\n<ul class=\"wp-block-list\">\n<li>Woher kommst du?    (Sk\u0105d jeste\u015b?- Pochodzenie)<\/li>\n\n\n\n<li>Wo wohnst du?  (Gdzie mieszkasz?)<\/li>\n\n\n\n<li>Wohin gehst du?  (Dok\u0105d idziesz?)<\/li>\n<\/ul>\n\n\n\n<p>========================<\/p>\n\n\n\n<p class=\"has-blue-color has-text-color has-medium-font-size\"><strong>3. Lekcja <\/strong><\/p>\n\n\n\n<p class=\"has-blue-color has-text-color has-medium-font-size\"><strong>Kalender, Zeit, Zahlen&#8230;<\/strong>( <strong>Kalendarz, czas, liczby&#8230;<\/strong>)<\/p>\n\n\n\n<p>Orientujemy si\u0119 w czasie,  liczymy, p\u0142acimy&#8230;<\/p>\n\n\n\n<p class=\"has-blue-color has-text-color has-medium-font-size\">Tematy:<\/p>\n\n\n\n<ul class=\"wp-block-list\">\n<li>Liczby g\u0142\u00f3wne<\/li>\n\n\n\n<li>Kalendarz<\/li>\n\n\n\n<li>czas<\/li>\n<\/ul>\n\n\n\n<p class=\"has-blue-color has-text-color has-medium-font-size\">Gramatyka<\/p>\n\n\n\n<ul class=\"wp-block-list\">\n<li>szyk wyraz\u00f3w w zdaniu pytaj\u0105cym<\/li>\n\n\n\n<li>przymiotnik w relacji do rodzajnika<\/li>\n\n\n\n<li>przypadek: biernik (kogo?, co?) &gt; Akkusativ (wen?, was?)<\/li>\n<\/ul>\n\n\n\n<p class=\"has-blue-color has-text-color has-medium-font-size\">Pytania g\u0142\u00f3wne: <\/p>\n\n\n\n<ul class=\"wp-block-list\">\n<li>Wie sp\u00e4t ist es?   (Kt\u00f3ra godzina?)<\/li>\n\n\n\n<li>Wie viele Monate bist du&#8230;?   (Ile miesi\u0119cy\/ jak d\u0142ugo?)<\/li>\n\n\n\n<li>Was kostet &#8230;?  (Ile kosztuje?)<\/li>\n<\/ul>\n\n\n\n<p>=========================<\/p>\n\n\n\n<p class=\"has-blue-color has-text-color has-medium-font-size\"><strong>4. Lekcja<\/strong><\/p>\n\n\n\n<p class=\"has-blue-color has-text-color has-medium-font-size\"><strong>Poznajemy si\u0119 &#8211; (Wir lernen uns kennen)<\/strong><\/p>\n\n\n\n<p class=\"has-blue-color has-text-color has-medium-font-size\">Tematy:<\/p>\n\n\n\n<ul class=\"wp-block-list\">\n<li>zaw\u00f3d, wykszta\u0142cenie, <\/li>\n\n\n\n<li>stan rodzinny, <\/li>\n\n\n\n<li>szko\u0142a, praca<\/li>\n<\/ul>\n\n\n\n<p class=\"has-blue-color has-text-color has-medium-font-size\">Gramatyka: <\/p>\n\n\n\n<ul class=\"wp-block-list\">\n<li>czasowniki <\/li>\n\n\n\n<li>czas &gt;&gt; tera\u017aniejszy oraz przysz\u0142y<\/li>\n\n\n\n<li>Przypadek: dope\u0142niacz (czyj?) &gt; Genitiv (wessen?)<\/li>\n<\/ul>\n\n\n\n<p>=====================<\/p>\n\n\n\n<p class=\"has-blue-color has-text-color has-medium-font-size\"><strong>5. Lekcja<\/strong><\/p>\n\n\n\n<p class=\"has-blue-color has-text-color has-medium-font-size\"><strong>Zwroty pytaj\u0105ce  &#8211;  (Fragew\u00f6rter)<\/strong><\/p>\n\n\n\n<p class=\"has-blue-color has-text-color has-medium-font-size\">Tematy:<\/p>\n\n\n\n<ul class=\"wp-block-list\">\n<li>Pytamy &#8211; odpowiadamy <\/li>\n\n\n\n<li>potwierdzamy <\/li>\n\n\n\n<li>zaprzeczamy<\/li>\n<\/ul>\n\n\n\n<p class=\"has-blue-color has-text-color has-medium-font-size\">Gramatyka: <\/p>\n\n\n\n<ul class=\"wp-block-list\">\n<li>szyk wyraz\u00f3w w zdaniu przecz\u0105cym<\/li>\n\n\n\n<li>zwroty i zaimki pytaj\u0105ce  (kto, komu, dlaczego, kiedy&#8230; (?)) &#8211; (wer, wem, warum, wann&#8230;(?))<\/li>\n\n\n\n<li>Przypadek: celownik (komu?, czemu?) Dativ (wem?)<\/li>\n<\/ul>\n\n\n\n<p>=====================<\/p>\n\n\n\n<p class=\"has-blue-color has-text-color has-medium-font-size\"><strong>6. Lekcja<\/strong><\/p>\n\n\n\n<p class=\"has-blue-color has-text-color has-medium-font-size\"><strong>Sytuacje codzienne &#8211; <\/strong> (<strong>Alltag<\/strong>)<\/p>\n\n\n\n<p class=\"has-blue-color has-text-color has-medium-font-size\">Tematy:<\/p>\n\n\n\n<ul class=\"wp-block-list\">\n<li>opowiadanie o sytuacjach codziennych<\/li>\n\n\n\n<li>dialogi<\/li>\n\n\n\n<li>u\u017cywanie czasu tera\u017aniejszego i przysz\u0142ego<\/li>\n<\/ul>\n\n\n\n<p class=\"has-blue-color has-text-color has-medium-font-size\">Gramatyka: <\/p>\n\n\n\n<ul class=\"wp-block-list\">\n<li>czas przesz\u0142y<\/li>\n\n\n\n<li>przyimki miejsca: na, w, przy &#8230; (auf, in, an&#8230;)<\/li>\n<\/ul>\n\n\n\n<p>=======================<\/p>\n\n\n\n<p class=\"has-blue-color has-text-color has-medium-font-size\"><strong>7. Lekcja<\/strong><\/p>\n\n\n\n<p class=\"has-blue-color has-text-color has-medium-font-size\"> <strong>Wczasy, czas wolny<\/strong> &#8211; (<strong>Urlaub,  Freizeit<\/strong>)<\/p>\n\n\n\n<p class=\"has-blue-color has-text-color has-medium-font-size\">Tematy:<\/p>\n\n\n\n<p>Dialogi i opowiadania na r\u00f3\u017cne tematy z celem wykorzystania wcze\u015bniej nauczonych aspekt\u00f3w gramatycznych i tematycznych<\/p>\n\n\n\n<p class=\"has-blue-color has-text-color has-medium-font-size\">Gramatyka: <\/p>\n\n\n\n<ul class=\"wp-block-list\">\n<li>zdania z\u0142o\u017cone &#8211; szyk wyraz\u00f3w (podstawa) <\/li>\n\n\n\n<li>czasowniki z\u0142o\u017cone  <\/li>\n\n\n\n<li>czasowniki modalne (tylko podstawa)<\/li>\n<\/ul>\n\n\n\n<p>=====================<\/p>\n\n\n\n<p class=\"has-blue-color has-text-color has-medium-font-size\"><\/p>\n","protected":false},"excerpt":{"rendered":"<p>Kurs A1 &#8211; dla pocz\u0105tkuj\u0105cych 1. Lekcja Przedstawiamy si\u0119: (Vorstellung) Tematy: Gramatyka: Pytania g\u0142\u00f3wne: ======================== 2. Lekcja Pochodzenie &#8211; (Herkunft) Tematy: Gramatyka: Pytania g\u0142\u00f3wne: ======================== 3. Lekcja Kalender, Zeit, Zahlen&#8230;( Kalendarz, czas, liczby&#8230;) Orientujemy si\u0119 w czasie, liczymy, p\u0142acimy&#8230; Tematy: &hellip; <a href=\"http:\/\/www.gabi-suska.de\/?page_id=22326\">Weiterlesen <span class=\"meta-nav\">&rarr;<\/span><\/a><\/p>\n","protected":false},"author":1,"featured_media":0,"parent":0,"menu_order":0,"comment_status":"closed","ping_status":"closed","template":"","meta":{"ngg_post_thumbnail":0,"footnotes":""},"class_list":["post-22326","page","type-page","status-publish","hentry"],"_links":{"self":[{"href":"http:\/\/www.gabi-suska.de\/index.php?rest_route=\/wp\/v2\/pages\/22326","targetHints":{"allow":["GET"]}}],"collection":[{"href":"http:\/\/www.gabi-suska.de\/index.php?rest_route=\/wp\/v2\/pages"}],"about":[{"href":"http:\/\/www.gabi-suska.de\/index.php?rest_route=\/wp\/v2\/types\/page"}],"author":[{"embeddable":true,"href":"http:\/\/www.gabi-suska.de\/index.php?rest_route=\/wp\/v2\/users\/1"}],"replies":[{"embeddable":true,"href":"http:\/\/www.gabi-suska.de\/index.php?rest_route=%2Fwp%2Fv2%2Fcomments&post=22326"}],"version-history":[{"count":16,"href":"http:\/\/www.gabi-suska.de\/index.php?rest_route=\/wp\/v2\/pages\/22326\/revisions"}],"predecessor-version":[{"id":22384,"href":"http:\/\/www.gabi-suska.de\/index.php?rest_route=\/wp\/v2\/pages\/22326\/revisions\/22384"}],"wp:attachment":[{"href":"http:\/\/www.gabi-suska.de\/index.php?rest_route=%2Fwp%2Fv2%2Fmedia&parent=22326"}],"curies":[{"name":"wp","href":"https:\/\/api.w.org\/{rel}","templated":true}]}}

<p><strong>Kurs A1 &#8211; dla początkujących</strong></p>



<p class="has-blue-color has-text-color has-medium-font-size"><strong>1. Lekcja</strong></p>



<p class="has-blue-color has-text-color has-medium-font-size"><strong>Przedstawiamy się:</strong>    (<strong>Vorstellung</strong>)</p>



<p class="has-blue-color has-text-color has-medium-font-size">Tematy:  </p>



<ul class="wp-block-list">
<li>witamy się i żegnamy</li>



<li>imię, nazwisko</li>



<li>zwroty grzecznościowe</li>



<li>formy oficjalne/grzecznościowe oraz nieoficjalne/potoczne</li>
</ul>



<p class="has-blue-color has-text-color has-medium-font-size">Gramatyka: </p>



<ul class="wp-block-list">
<li>zaimki osobowe (ich, du, er&#8230;)</li>



<li>czasowniki (sein, heißen, machen, haben..) oraz ich odmiana przez osoby</li>
</ul>



<p class="has-blue-color has-text-color has-medium-font-size">Pytania główne:</p>



<ul class="wp-block-list">
<li>Wer bist du?   (Kto ty jeteś?)</li>



<li>Wie heißt du?    (Jak się nazywasz?)</li>



<li>Wie geht es dir?  (jak ci idzie?)</li>
</ul>



<p>========================</p>



<p class="has-blue-color has-text-color has-medium-font-size"><strong>2. Lekcja</strong></p>



<p class="has-blue-color has-text-color has-medium-font-size"><strong>Pochodzenie  &#8211;  (Herkunft)</strong></p>



<p class="has-blue-color has-text-color has-medium-font-size">Tematy:</p>



<ul class="wp-block-list">
<li>pochodzenie, narodowość</li>



<li>miejsce zamieszkania</li>
</ul>



<p class="has-blue-color has-text-color has-medium-font-size">Gramatyka: </p>



<ul class="wp-block-list">
<li>rzeczownik i jego rodzaje </li>



<li>liczba pojedyncza i mnoga  w rzeczowniku</li>



<li>rodzajnik określony (der, die, das)  </li>



<li>nieokreślony (ein, eine, ein) </li>



<li>szyk wyrazów w zdaniu twierdzącym/orzekającym</li>
</ul>



<p class="has-blue-color has-text-color has-medium-font-size">Pytania główne:</p>



<ul class="wp-block-list">
<li>Woher kommst du?    (Skąd jesteś?- Pochodzenie)</li>



<li>Wo wohnst du?  (Gdzie mieszkasz?)</li>



<li>Wohin gehst du?  (Dokąd idziesz?)</li>
</ul>



<p>========================</p>



<p class="has-blue-color has-text-color has-medium-font-size"><strong>3. Lekcja </strong></p>



<p class="has-blue-color has-text-color has-medium-font-size"><strong>Kalender, Zeit, Zahlen&#8230;</strong>( <strong>Kalendarz, czas, liczby&#8230;</strong>)</p>



<p>Orientujemy się w czasie,  liczymy, płacimy&#8230;</p>



<p class="has-blue-color has-text-color has-medium-font-size">Tematy:</p>



<ul class="wp-block-list">
<li>Liczby główne</li>



<li>Kalendarz</li>



<li>czas</li>
</ul>



<p class="has-blue-color has-text-color has-medium-font-size">Gramatyka</p>



<ul class="wp-block-list">
<li>szyk wyrazów w zdaniu pytającym</li>



<li>przymiotnik w relacji do rodzajnika</li>



<li>przypadek: biernik (kogo?, co?) &gt; Akkusativ (wen?, was?)</li>
</ul>



<p class="has-blue-color has-text-color has-medium-font-size">Pytania główne: </p>



<ul class="wp-block-list">
<li>Wie spät ist es?   (Która godzina?)</li>



<li>Wie viele Monate bist du&#8230;?   (Ile miesięcy/ jak długo?)</li>



<li>Was kostet &#8230;?  (Ile kosztuje?)</li>
</ul>



<p>=========================</p>



<p class="has-blue-color has-text-color has-medium-font-size"><strong>4. Lekcja</strong></p>



<p class="has-blue-color has-text-color has-medium-font-size"><strong>Poznajemy się &#8211; (Wir lernen uns kennen)</strong></p>



<p class="has-blue-color has-text-color has-medium-font-size">Tematy:</p>



<ul class="wp-block-list">
<li>zawód, wykształcenie, </li>



<li>stan rodzinny, </li>



<li>szkoła, praca</li>
</ul>



<p class="has-blue-color has-text-color has-medium-font-size">Gramatyka: </p>



<ul class="wp-block-list">
<li>czasowniki </li>



<li>czas &gt;&gt; teraźniejszy oraz przyszły</li>



<li>Przypadek: dopełniacz (czyj?) &gt; Genitiv (wessen?)</li>
</ul>



<p>=====================</p>



<p class="has-blue-color has-text-color has-medium-font-size"><strong>5. Lekcja</strong></p>



<p class="has-blue-color has-text-color has-medium-font-size"><strong>Zwroty pytające  &#8211;  (Fragewörter)</strong></p>



<p class="has-blue-color has-text-color has-medium-font-size">Tematy:</p>



<ul class="wp-block-list">
<li>Pytamy &#8211; odpowiadamy </li>



<li>potwierdzamy </li>



<li>zaprzeczamy</li>
</ul>



<p class="has-blue-color has-text-color has-medium-font-size">Gramatyka: </p>



<ul class="wp-block-list">
<li>szyk wyrazów w zdaniu przeczącym</li>



<li>zwroty i zaimki pytające  (kto, komu, dlaczego, kiedy&#8230; (?)) &#8211; (wer, wem, warum, wann&#8230;(?))</li>



<li>Przypadek: celownik (komu?, czemu?) Dativ (wem?)</li>
</ul>



<p>=====================</p>



<p class="has-blue-color has-text-color has-medium-font-size"><strong>6. Lekcja</strong></p>



<p class="has-blue-color has-text-color has-medium-font-size"><strong>Sytuacje codzienne &#8211; </strong> (<strong>Alltag</strong>)</p>



<p class="has-blue-color has-text-color has-medium-font-size">Tematy:</p>



<ul class="wp-block-list">
<li>opowiadanie o sytuacjach codziennych</li>



<li>dialogi</li>



<li>używanie czasu teraźniejszego i przyszłego</li>
</ul>



<p class="has-blue-color has-text-color has-medium-font-size">Gramatyka: </p>



<ul class="wp-block-list">
<li>czas przeszły</li>



<li>przyimki miejsca: na, w, przy &#8230; (auf, in, an&#8230;)</li>
</ul>



<p>=======================</p>



<p class="has-blue-color has-text-color has-medium-font-size"><strong>7. Lekcja</strong></p>



<p class="has-blue-color has-text-color has-medium-font-size"> <strong>Wczasy, czas wolny</strong> &#8211; (<strong>Urlaub,  Freizeit</strong>)</p>



<p class="has-blue-color has-text-color has-medium-font-size">Tematy:</p>



<p>Dialogi i opowiadania na różne tematy z celem wykorzystania wcześniej nauczonych aspektów gramatycznych i tematycznych</p>



<p class="has-blue-color has-text-color has-medium-font-size">Gramatyka: </p>



<ul class="wp-block-list">
<li>zdania złożone &#8211; szyk wyrazów (podstawa) </li>



<li>czasowniki złożone  </li>



<li>czasowniki modalne (tylko podstawa)</li>
</ul>



<p>=====================</p>



<p class="has-blue-color has-text-color has-medium-font-size"></p>

<p>Kurs A1 &#8211; dla początkujących 1. Lekcja Przedstawiamy się: (Vorstellung) Tematy: Gramatyka: Pytania główne: ======================== 2. Lekcja Pochodzenie &#8211; (Herkunft) Tematy: Gramatyka: Pytania główne: ======================== 3. Lekcja Kalender, Zeit, Zahlen&#8230;( Kalendarz, czas, liczby&#8230;) Orientujemy się w czasie, liczymy, płacimy&#8230; Tematy: &hellip; <a href="http://www.gabi-suska.de/?page_id=22326">Weiterlesen <span class="meta-nav">&rarr;</span></a></p>
